 j(m) = -5*m - 1. Let h = -15 - -27. Suppose u - 1 = x, -u + 3*x - h = -3*u. Suppose 5*k = 8*k + u. Calculate j(k).
4
Let z be (-198)/(-1260)*5 + 6/(-21). Let r(w) be the second derivative of -1/6*w**3 + 1/20*w**5 + 0 - z*w**4 - 10*w + 3/2*w**2. Give r(6).
-3
Let o(z) = 26*z**2 - 13*z - 21. Let i(a) = -28*a**2 + 17*a + 22. Let y(q) = 11*i(q) + 12*o(q). What is y(-8)?
-2
Let v(m) = 5*m - 5. Let w(c) = 6*c - 6. Let y(k) = -5*v(k) + 4*w(k). Suppose 3*z - 6*d - 30 = -d, -4*d = 4*z - 8. What is y(z)?
-4
Let u(i) = 10*i**2 - 562*i + 107. Let p be u(56). Let j(d) = -d**2 - 23*d - 83. What is j(p)?
7
Let b(o) = -4*o - 1. Suppose 25*c - 42*c = -68. Let n be ((c - 8)/32)/(9/(-72)). Give b(n).
-5
Suppose 22*q = 2913 - 691. Let l = q + -94. Let a(c) = -5*c - 4. Let s(j) = -9*j - 7. Let y(v) = 11*a(v) - 6*s(v). Calculate y(l).
-9
Let f(t) = -3*t + 1. Let k(a) be the second derivative of -17*a**3/6 + 3*a**2 - 58*a. Let h(z) = 3*f(z) - k(z). Let j be (-15)/(-6)*(-8)/(-10). Determine h(j).
13
Let j(n) be the first derivative of -2*n + 1/3*n**3 - 68 + 3/2*n**2. What is j(-6)?
16
Let n = 287 - 275. Suppose 2*k - n = -4*d, 2*d = 2*k - 28 - 8. Let h(m) = m**3 - 14*m**2 - m - 7. Give h(k).
-21
Let m(w) = -7*w - 49. Let j be (5 + -25 - 1) + 14. Give m(j).
0
Let i(w) = -130 - 129 + 4*w + 271 + 4*w**2 - 5*w**2. Calculate i(8).
-20
Let m(f) be the third derivative of -f**8/20160 - 13*f**7/5040 - f**6/720 - f**5/30 - f**4/6 - 9*f**2. Let y(d) be the third derivative of m(d). What is y(-13)?
-1
Let y be (2 + (-8)/9)/((-132)/(-594)). Let k be 4/(-14) + (-216)/(-21). Let f(w) = -y - 5*w + 26 - k - 9. Give f(-3).
17
Let v(t) = 66*t**2 - 3 + 104*t - 64*t**2 - 113*t. Calculate v(5).
2
Let a(t) = 5*t + 10. Let x(p) = -13*p + 415. Let d be x(32). Give a(d).
5
Suppose -h = 4*h + 5*l - 10, 2*l = -h + 6. Let m be (-1)/h*(2 + (-1 - -3)). Let v(k) = 10*k - 2. What is v(m)?
18
Suppose -15 = -l + 5*u, 135 = 2*l + l + 3*u. Suppose 0 = 4*r - l + 52. Let b(s) be the first derivative of -s**2/2 + 4*s - 1. Give b(r).
7
Suppose -k + 12*y = 16*y + 16, 23 = -5*k - y. Let u(s) = 5*s**2 + 15*s - 11. Let q(t) = t**2 + 3*t - 2. Let f(p) = -11*q(p) + 2*u(p). Determine f(k).
-4
Suppose 0 = -3*p + k + 15, 11*k - 9*k = 4*p - 20. Suppose p*n - 72 = -4*i, -25*i + 20*i = 4*n - 54. Let s(x) = -x**2 + 16*x - 1. Calculate s(n).
-1
Let p(k) = -3*k**3 + 6*k**2 + 12*k - 4. Let b(m) = 5*m**3 - 11*m**2 - 21*m + 7. Let z(t) = 4*b(t) + 7*p(t). Give z(-2).
0
Let d(a) = -a**3 - 8*a**2 - 3*a - 2. Let o(p) = -3*p**2 - 3*p + 209. Let t be o(-9). Give d(t).
-30
Let k = 155 - 160. Let f(j) = j**3 - 6*j**2 - 10*j + 23. Let v be f(7). Let x(n) = 58*n**3 + 5*n**2 - 1 + v*n - 57*n**3 - 3. What is x(k)?
-14
Let o(k) = k**2 + 7*k - 14. Let n(l) = 2*l**3 - 55*l**2 + 34*l - 4. Let r be n(27). Let y = 175 - r. Calculate o(y).
16
Let f(x) = 2*x**2 + 4*x - 2. Suppose -11*v - 3*y + 36 = -6*y, 3*y + 15 = 4*v. Determine f(v).
28
Let u = 174 + -171. Let z(i) = i + 6*i**u + 3*i**2 - 8 - 5*i**3 + 1 - 9*i**2. What is z(6)?
-1
Let k(s) = s**3 + 5*s**2 - 6*s - 3. Suppose -3*z - 18 = -j - 12, -3*j + 2*z = -4. Suppose j = x + 6*x + 42. Determine k(x).
-3
Let o(v) be the second derivative of -v**6/240 - v**5/40 + v**4/2 + v**3/2 + 120*v. Let m(c) be the third derivative of o(c). What is m(-7)?
18
Let f(c) = -2*c**2 + 17*c - 6. Let u = 3378 - 3371. What is f(u)?
15
Let c be 3*(-3 + 8 + -4)/1. Let p(m) = 2*m + 2*m - c*m. Give p(-1).
-1
Let t(p) = -42*p - 24. Let a(s) = -31*s - 23. Let r(d) = -4*a(d) + 3*t(d). Calculate r(-15).
50
Let q(u) = -148*u + u**2 + 155*u + 0*u**2 - 5. Suppose -5*o + 71 = 3*h - 14, -4*o - 4*h + 76 = 0. Suppose -o = -32*n + 34*n. What is q(n)?
-5
Let l(d) = 1754*d - 1765*d + d**3 + 8*d**2 - 9 - 6. What is l(-9)?
3
Let o(t) = 10*t - 83. Let j be o(9). Let x(n) = j*n + n**2 - 6*n - 8*n. Determine x(7).
0
Let n(l) = 3*l**2 + 5*l + 15. Let s(g) = 4*g**2 + 5*g + 17. Let f(x) = 5*n(x) - 4*s(x). Determine f(-5).
-43
Suppose 4*a + 10 = 3*t - 5*t, -11 = 4*t + 5*a. Let g(x) = -5*x**2 + 7*x**2 - 12*x**3 + 5 - 17*x**2 + 3*x**2 - 4 + 11*x**2. What is g(t)?
-12
Let w(y) = -17*y + 2. Let m(s) = -2*s**2 + 53*s - 25. Suppose 0 = 2*j + d - 49, 2*d + 110 = 71*j - 67*j. Let f be m(j). Calculate w(f).
-15
Let h = -333 - -339. Let d(i) be the second derivative of -i**4/12 + i**3 + i**2/2 + 2*i. What is d(h)?
1
Suppose 5*g - 35 = 5*t, -5*g + 49 = 8*t - 6*t. Suppose -5*w + 3*a - g = 0, 0 + 7 = -w - 2*a. Let m(j) = j**3 + j**2 + 3*j - 3. Calculate m(w).
-30
Let s = 49301 + -49302. Let g(u) = u. Let b(q) = 23*q + 1. Let k(y) = -b(y) - 4*g(y). What is k(s)?
26
Suppose -7*k = -2*b - 3*k + 50, 5*k = -b + 4. Suppose -5*l - 66 = -5*u - 26, 2*l + b = 3*u. Let z(o) = -1733*o + 2 + o**u - o**2 + 1733*o. What is z(0)?
2
Let g(d) be the third derivative of -d**4/24 + d**3/2 + 12*d**2 + 26. Suppose -48 = t - 5*t. Calculate g(t).
-9
Let c(o) be the first derivative of -1/24*o**4 + 0*o + 7/6*o**3 + 37/2*o**2 + 25. Let a(u) be the second derivative of c(u). What is a(-8)?
15
Let f = -321 - -335. Suppose -f*n = -16*n + 10. Let d(m) = -m**2 + 6*m - 7. Give d(n).
-2
Let p be ((-15)/10)/(-3)*182. Suppose 29*l = 16*l - p. Let u(m) = m + 4. Give u(l).
-3
Suppose -2*a = -d - 54 - 78, -3*a = 3*d - 189. Let x be a/(-15)*3 + (4 - -2). Let o(i) = -i**2 - 3*i + 8. Determine o(x).
-20
Suppose -136*a = 5929 - 3209. Let t(z) = -3*z - 44. Determine t(a).
16
Let i(z) be the third derivative of 1/6*z**3 + 17 + 0*z + 1/60*z**5 + 1/6*z**4 - 6*z**2. Determine i(-2).
-3
Let m(g) be the third derivative of -g**7/840 + g**6/120 + g**5/60 - g**4/24 + 27*g**3/2 - 33*g**2. Let l(y) be the first derivative of m(y). Calculate l(3).
5
Let h(r) = -r**3 - 13*r**2 - 22*r + 10. Suppose -2*x + 17 = -3*u, -11*u + 3 = -12*u + x. What is h(u)?
10
Let c(s) = s. Let d(t) = -13*t - 2. Let o(x) = -6*c(x) - d(x). Let k be o(0). Let g(n) = 26*n**2 + 0*n - n + 2 - 25*n**2 - n**3. What is g(k)?
-4
Suppose c + 4*a = 22, -4*c + 22*a - 19*a = -12. Let q(w) = w**2 + w - 4. Determine q(c).
38
Let y(q) be the second derivative of q**5/30 - 15*q**4/8 - q**3 + 13*q**2/2 + 3*q - 46. Let z(o) be the second derivative of y(o). What is z(12)?
3
Suppose 1223*c - 1224*c = 6. Let o(k) = k. Let m be (-1)/((-3)/(-30)*2). Let j(v) = v**2 - v - 6. Let u(i) = m*o(i) - j(i). Determine u(c).
-6
Let y = -6230 - -6236. Let s(q) = -2*q**3 + 10*q**2 + 12*q - 2. Calculate s(y).
-2
Suppose 636*j = 764*j - 1280. Let c(y) = y - 19. Give c(j).
-9
Let x(w) = -5*w**2 + 53*w + 4. Suppose -324*s + 338*s - 140 = 0. Give x(s).
34
Let g(u) = -4*u + u**2 + 30 - 18 - 19 - 3*u. Let s = 254 - 247. Determine g(s).
-7
Let x = -5 + 7. Let m(w) = -369*w**3 - 37*w**2 - 32. Let b(g) = 67*g**3 + 7*g**2 + 6. Let j(u) = 11*b(u) + 2*m(u). Determine j(x).
6
Let y(g) be the third derivative of 0*g**3 - 4*g**2 + 33*g + 0 - 5/24*g**4. What is y(-6)?
30
Let j(k) = 77*k + 50. Let l(r) = 167*r + 109. Let d(z) = -13*j(z) + 6*l(z). Let y = 3 + -8. Give d(y).
-1
Let b(t) = 3*t**2 + 15*t - 51. Suppose 5*p = -11*p + 66 - 178. Determine b(p).
-9
Let p(s) = -s**2 - 7*s + 5. Let q(g) = -g**2 - 29*g + 16. Let w be q(-26). Let x = -98 + w. Calculate p(x).
17
Suppose 4*o + 10 = 2*o + s, 27 = -5*o + 2*s. Let y(g) be the third derivative of -g**6/120 - 2*g**5/15 - g**4/6 + g**3 - 5*g**2. Calculate y(o).
-15
Suppose -5*y + 24 = -l, -5*y - 67*l + 62*l + 30 = 0. Let x(s) be the third derivative of -s**5/60 + s**4/12 + 7*s**3/6 - 6*s**2. Determine x(y).
-8
Let d(y) be the second derivative of -1/6*y**3 + 1/20*y**5 - y - 1/2*y**2 + 0 - 1/4*y**4. Determine d(2).
-7
Suppose -x + b + 8 = -3, -4*x + 29 = -b. Suppose 8*d - 28 = -x*d. Let j(m) = m - 3. What is j(d)?
-1
Let k(f) = 2059*f**3 - 1030*f**3 - 2*f - 4*f + 3*f**2 - 65 - 1030*f**3 - 15*f**2. Give k(-12).
7
Let f(l) = -l**2 + 42*l - 211. Suppose -5*a = 3*n - 88, 5*a + 63 = n + 7. Let y be f(n). Let h(x) = -9*x + 4. Determine h(y).
-41
Let g(t) = t - 4 + t + t**2 + 0*t. Let j = 975 - 961. Let k(m) = m**2 - 17*m + 39. Let a be k(j). Determine g(a).
-1
Let f be -22*5/(-385)*140/8. Let a be 2 + (1 - (3 - 0)). Let b(l) = a*l - 4*l + 7 + 5*l. Give b(f).
12
Suppose -2*b - 4 + 2 = 0. Let g(w) be the second derivative of 2*w**5/5 - w + 20. Give g(b).
-8
Let w(m) = -2*m**2 - 28*m - 89. Suppose -a - 23*r - 25 = -19*r, 0 = r + 4. What i